{"id":987,"date":"2021-06-24T10:35:59","date_gmt":"2021-06-24T08:35:59","guid":{"rendered":"https:\/\/tedigames.sk\/system\/?page_id=987"},"modified":"2021-06-25T16:52:27","modified_gmt":"2021-06-25T14:52:27","slug":"blob-adventures","status":"publish","type":"page","link":"https:\/\/tedigames.sk\/system\/blob-adventures\/","title":{"rendered":"Blob Adventures"},"content":{"rendered":"\n<p>Team: <br>Samuel Draxler &#8211; Program\u00e1tor\u00a0 \u00a0 \u00a0 \u00a0 \u00a0 \u00a0<br>Radoslav Fagan &#8211; Grafik<br><a href=\"https:\/\/tedigames.sk\/system\/members\/lukacs-domeny\/\">Luk\u00e1cs D\u00f6m\u00e9ny<\/a> &#8211; Program\u00e1tor<br>Kamil \u0160olc &#8211; Zvuk\u00e1r<br>Milan Nejedl\u00edk &#8211; Mana\u017ement<br><br>Popis hry: Hr\u00e1\u010d ovl\u00e1da dvoch Blobov naraz. Pohybuje sa po gride a sna\u017e\u00ed sa dosta\u0165 ku hviezdam\u00a0 zn\u00e1zor\u0148uj\u00face ciel\u00a0 na raz s oboma Blobmi naraz. Vyh\u00fdba sa po pri tom dieram a vyu\u017e\u00edva ter\u00e9n hernej plochy.\u00a0<\/p>\n\n\n\n<p><a href=\"https:\/\/drive.google.com\/drive\/u\/1\/folders\/1Qo49c70NyX4-kRT35HqU9gvSTxCp9xMl\">DOWNLOAD<\/a><\/p>\n","protected":false},"excerpt":{"rendered":"<p>Team: Samuel Draxler &#8211; Program\u00e1tor\u00a0 \u00a0 \u00a0 \u00a0 \u00a0 \u00a0Radoslav Fagan &#8211; [&hellip;]<\/p>\n","protected":false},"author":1,"featured_media":0,"parent":0,"menu_order":0,"comment_status":"closed","ping_status":"closed","template":"","meta":{"footnotes":""},"categories":[],"tags":[],"class_list":["post-987","page","type-page","status-publish","hentry"],"_links":{"self":[{"href":"https:\/\/tedigames.sk\/system\/wp-json\/wp\/v2\/pages\/987","targetHints":{"allow":["GET"]}}],"collection":[{"href":"https:\/\/tedigames.sk\/system\/wp-json\/wp\/v2\/pages"}],"about":[{"href":"https:\/\/tedigames.sk\/system\/wp-json\/wp\/v2\/types\/page"}],"author":[{"embeddable":true,"href":"https:\/\/tedigames.sk\/system\/wp-json\/wp\/v2\/users\/1"}],"replies":[{"embeddable":true,"href":"https:\/\/tedigames.sk\/system\/wp-json\/wp\/v2\/comments?post=987"}],"version-history":[{"count":0,"href":"https:\/\/tedigames.sk\/system\/wp-json\/wp\/v2\/pages\/987\/revisions"}],"wp:attachment":[{"href":"https:\/\/tedigames.sk\/system\/wp-json\/wp\/v2\/media?parent=987"}],"wp:term":[{"taxonomy":"category","embeddable":true,"href":"https:\/\/tedigames.sk\/system\/wp-json\/wp\/v2\/categories?post=987"},{"taxonomy":"post_tag","embeddable":true,"href":"https:\/\/tedigames.sk\/system\/wp-json\/wp\/v2\/tags?post=987"}],"curies":[{"name":"wp","href":"https:\/\/api.w.org\/{rel}","templated":true}]}}