{"id":842,"date":"2020-06-19T13:30:13","date_gmt":"2020-06-19T11:30:13","guid":{"rendered":"https:\/\/tedigames.sk\/system\/?page_id=842"},"modified":"2021-06-19T08:04:56","modified_gmt":"2021-06-19T06:04:56","slug":"corona-defense","status":"publish","type":"page","link":"https:\/\/tedigames.sk\/system\/corona-defense\/","title":{"rendered":"Corona Defense"},"content":{"rendered":"\n<p>Jednoducha hra pre PC\/Android, tr\u00fafnete si vyzab\u00edja\u0165 korona virus do jednej minuty?<\/p>\n\n\n\n<p>Code &amp; Design : <a href=\"https:\/\/tedigames.sk\/system\/members\/dalibor-bartos\/\">Dalibor Barto\u0161<\/a><\/p>\n\n\n\n<figure class=\"wp-block-image size-large is-resized\"><img fetchpriority=\"high\" decoding=\"async\" src=\"https:\/\/tedigames.sk\/system\/wp-content\/uploads\/2020\/06\/Screenshot_20200619-132715-e1592566174469-1024x496.jpg\" alt=\"\" class=\"wp-image-843\" width=\"512\" height=\"248\" srcset=\"https:\/\/tedigames.sk\/system\/wp-content\/uploads\/2020\/06\/Screenshot_20200619-132715-e1592566174469-1024x496.jpg 1024w, https:\/\/tedigames.sk\/system\/wp-content\/uploads\/2020\/06\/Screenshot_20200619-132715-e1592566174469-300x145.jpg 300w, https:\/\/tedigames.sk\/system\/wp-content\/uploads\/2020\/06\/Screenshot_20200619-132715-e1592566174469-768x372.jpg 768w, https:\/\/tedigames.sk\/system\/wp-content\/uploads\/2020\/06\/Screenshot_20200619-132715-e1592566174469-1536x744.jpg 1536w, https:\/\/tedigames.sk\/system\/wp-content\/uploads\/2020\/06\/Screenshot_20200619-132715-e1592566174469-830x402.jpg 830w, https:\/\/tedigames.sk\/system\/wp-content\/uploads\/2020\/06\/Screenshot_20200619-132715-e1592566174469-230x111.jpg 230w, https:\/\/tedigames.sk\/system\/wp-content\/uploads\/2020\/06\/Screenshot_20200619-132715-e1592566174469-350x170.jpg 350w, https:\/\/tedigames.sk\/system\/wp-content\/uploads\/2020\/06\/Screenshot_20200619-132715-e1592566174469-480x233.jpg 480w, https:\/\/tedigames.sk\/system\/wp-content\/uploads\/2020\/06\/Screenshot_20200619-132715-e1592566174469.jpg 1833w\" sizes=\"(max-width: 512px) 100vw, 512px\" \/><\/figure>\n\n\n\n<p><a rel=\"noreferrer noopener\" href=\"https:\/\/drive.google.com\/drive\/folders\/1TsGvZsJ2GurnLQQ1V3_GhAk5sz3wik0c?usp=sharing\" target=\"_blank\">DOWNLOAD<\/a> (PC + Android verzia)<\/p>\n","protected":false},"excerpt":{"rendered":"<p>Jednoducha hra pre PC\/Android, tr\u00fafnete si vyzab\u00edja\u0165 korona virus do jednej minuty? [&hellip;]<\/p>\n","protected":false},"author":1,"featured_media":0,"parent":0,"menu_order":0,"comment_status":"closed","ping_status":"closed","template":"page-templates\/page_fullwidth.php","meta":{"footnotes":""},"categories":[],"tags":[],"class_list":["post-842","page","type-page","status-publish","hentry"],"_links":{"self":[{"href":"https:\/\/tedigames.sk\/system\/wp-json\/wp\/v2\/pages\/842","targetHints":{"allow":["GET"]}}],"collection":[{"href":"https:\/\/tedigames.sk\/system\/wp-json\/wp\/v2\/pages"}],"about":[{"href":"https:\/\/tedigames.sk\/system\/wp-json\/wp\/v2\/types\/page"}],"author":[{"embeddable":true,"href":"https:\/\/tedigames.sk\/system\/wp-json\/wp\/v2\/users\/1"}],"replies":[{"embeddable":true,"href":"https:\/\/tedigames.sk\/system\/wp-json\/wp\/v2\/comments?post=842"}],"version-history":[{"count":0,"href":"https:\/\/tedigames.sk\/system\/wp-json\/wp\/v2\/pages\/842\/revisions"}],"wp:attachment":[{"href":"https:\/\/tedigames.sk\/system\/wp-json\/wp\/v2\/media?parent=842"}],"wp:term":[{"taxonomy":"category","embeddable":true,"href":"https:\/\/tedigames.sk\/system\/wp-json\/wp\/v2\/categories?post=842"},{"taxonomy":"post_tag","embeddable":true,"href":"https:\/\/tedigames.sk\/system\/wp-json\/wp\/v2\/tags?post=842"}],"curies":[{"name":"wp","href":"https:\/\/api.w.org\/{rel}","templated":true}]}}