{"id":356,"date":"2018-12-18T12:04:50","date_gmt":"2018-12-18T10:04:50","guid":{"rendered":"http:\/\/tedigames.sk\/system\/?page_id=356"},"modified":"2021-06-19T07:48:08","modified_gmt":"2021-06-19T05:48:08","slug":"its-just-sharks","status":"publish","type":"page","link":"https:\/\/tedigames.sk\/system\/projects\/its-just-sharks\/","title":{"rendered":"It&#8217;s Just Sharks"},"content":{"rendered":"\n<p>Ve\u013emi jednoduch\u00e1 hra typu endless runner, s n\u00e1hodne generovan\u00fdm prostred\u00edm.<br>Vytvoren\u00e1 za cca 10 hod\u00edn \u010dist\u00e9ho \u010dasu na TEDI Game Jam #4  ( 14.12. \u2013 16.12.2018 )<\/p>\n\n\n\n<figure class=\"wp-block-gallery columns-1 is-cropped wp-block-gallery-1 is-layout-flex wp-block-gallery-is-layout-flex\"><ul class=\"blocks-gallery-grid\"><li class=\"blocks-gallery-item\"><figure><img fetchpriority=\"high\" decoding=\"async\" width=\"1024\" height=\"461\" src=\"http:\/\/tedigames.sk\/system\/wp-content\/uploads\/2018\/12\/sharks2-1-1024x461.png\" alt=\"\" data-id=\"358\" data-link=\"http:\/\/tedigames.sk\/system\/?attachment_id=358\" class=\"wp-image-358\" srcset=\"https:\/\/tedigames.sk\/system\/wp-content\/uploads\/2018\/12\/sharks2-1-1024x461.png 1024w, https:\/\/tedigames.sk\/system\/wp-content\/uploads\/2018\/12\/sharks2-1-300x135.png 300w, https:\/\/tedigames.sk\/system\/wp-content\/uploads\/2018\/12\/sharks2-1-768x346.png 768w, https:\/\/tedigames.sk\/system\/wp-content\/uploads\/2018\/12\/sharks2-1-830x374.png 830w, https:\/\/tedigames.sk\/system\/wp-content\/uploads\/2018\/12\/sharks2-1-230x104.png 230w, https:\/\/tedigames.sk\/system\/wp-content\/uploads\/2018\/12\/sharks2-1-350x158.png 350w, https:\/\/tedigames.sk\/system\/wp-content\/uploads\/2018\/12\/sharks2-1-480x216.png 480w, https:\/\/tedigames.sk\/system\/wp-content\/uploads\/2018\/12\/sharks2-1.png 1203w\" sizes=\"(max-width: 1024px) 100vw, 1024px\" \/><\/figure><\/li><\/ul><\/figure>\n\n\n\n<ul class=\"wp-block-list\"><li>Design &amp; Testing &#8211; <a href=\"https:\/\/tedigames.sk\/system\/members\/michal-bartos\/\">Michal Barto\u0161<\/a><\/li><li>Everything else &#8211;   <a href=\"https:\/\/tedigames.sk\/system\/members\/dalibor-bartos\/\">Dalibor Barto\u0161<\/a><\/li><\/ul>\n\n\n\n<p><a href=\"https:\/\/dexus5.itch.io\/itsjustsharks\">DOWNLOAD<\/a><\/p>\n","protected":false},"excerpt":{"rendered":"<p>Ve\u013emi jednoduch\u00e1 hra typu endless runner, s n\u00e1hodne generovan\u00fdm prostred\u00edm.Vytvoren\u00e1 za cca [&hellip;]<\/p>\n","protected":false},"author":1,"featured_media":0,"parent":13,"menu_order":0,"comment_status":"closed","ping_status":"closed","template":"page-templates\/page_fullwidth.php","meta":{"footnotes":""},"categories":[],"tags":[],"class_list":["post-356","page","type-page","status-publish","hentry"],"_links":{"self":[{"href":"https:\/\/tedigames.sk\/system\/wp-json\/wp\/v2\/pages\/356","targetHints":{"allow":["GET"]}}],"collection":[{"href":"https:\/\/tedigames.sk\/system\/wp-json\/wp\/v2\/pages"}],"about":[{"href":"https:\/\/tedigames.sk\/system\/wp-json\/wp\/v2\/types\/page"}],"author":[{"embeddable":true,"href":"https:\/\/tedigames.sk\/system\/wp-json\/wp\/v2\/users\/1"}],"replies":[{"embeddable":true,"href":"https:\/\/tedigames.sk\/system\/wp-json\/wp\/v2\/comments?post=356"}],"version-history":[{"count":0,"href":"https:\/\/tedigames.sk\/system\/wp-json\/wp\/v2\/pages\/356\/revisions"}],"up":[{"embeddable":true,"href":"https:\/\/tedigames.sk\/system\/wp-json\/wp\/v2\/pages\/13"}],"wp:attachment":[{"href":"https:\/\/tedigames.sk\/system\/wp-json\/wp\/v2\/media?parent=356"}],"wp:term":[{"taxonomy":"category","embeddable":true,"href":"https:\/\/tedigames.sk\/system\/wp-json\/wp\/v2\/categories?post=356"},{"taxonomy":"post_tag","embeddable":true,"href":"https:\/\/tedigames.sk\/system\/wp-json\/wp\/v2\/tags?post=356"}],"curies":[{"name":"wp","href":"https:\/\/api.w.org\/{rel}","templated":true}]}}