{"id":1025,"date":"2021-11-07T20:43:19","date_gmt":"2021-11-07T18:43:19","guid":{"rendered":"https:\/\/tedigames.sk\/system\/fakespotting-copy\/"},"modified":"2021-11-09T13:37:36","modified_gmt":"2021-11-09T11:37:36","slug":"filmodzi-first-contact-edition","status":"publish","type":"page","link":"https:\/\/tedigames.sk\/system\/filmodzi-first-contact-edition\/","title":{"rendered":"FILMOD\u017dI: First Contact Edition"},"content":{"rendered":"\n<p>Hra vytvoren\u00e1 na Bratislava Game Jam 2020, ktor\u00fd sa konal online v rozmedz\u00ed 5 a\u017e 7 Nov 2021.<br><\/p>\n\n\n\n<p>Je to trivia hra, v ktorej h\u00e1date film v\u00fdberom spr\u00e1vnej sady troch emoji. Toto demo hry obsahuje iba filmy zameran\u00e9 na prv\u00e9 stretnutia s nezn\u00e1mou inteligenciou. Nako\u013eko to bola t\u00e9ma tohto jamu.<\/p>\n\n\n\n<div class=\"wp-block-image is-style-default\"><figure class=\"alignleft size-full\"><img decoding=\"async\" width=\"208\" height=\"131\" src=\"https:\/\/tedigames.sk\/system\/wp-content\/uploads\/2021\/11\/bgj2021.png\" alt=\"\" class=\"wp-image-1032\"\/><figcaption>BGJ2021<\/figcaption><\/figure><\/div>\n\n\n\n<p>Na tvorbe sa podielali:<\/p>\n\n\n\n<p><strong><a href=\"https:\/\/tedigames.sk\/system\/members\/dalibor-bartos\/\">Dalibor Barto\u0161<\/a><\/strong> &#8211; Code&amp;design<br><strong><a href=\"https:\/\/tedigames.sk\/system\/members\/michal-kabat\/\">Michal Kab\u00e1t<\/a><\/strong> &#8211; Visual design \/ UI<br><strong><a href=\"https:\/\/tedigames.sk\/system\/members\/matej-vrzgula\/\">Matej Vrzgula<\/a><\/strong> &#8211; 2D artwork<br><strong>Mat\u011bj Ber\u00e1nek<\/strong> &#8211; 2D artwork<br><br><a href=\"https:\/\/dexus5.itch.io\/filmodzi\">DOWNLOAD<\/a><\/p>\n\n\n\n<figure class=\"wp-block-embed is-type-video is-provider-youtube wp-block-embed-youtube wp-embed-aspect-16-9 wp-has-aspect-ratio\"><div class=\"wp-block-embed__wrapper\">\n<iframe title=\"FILMOD\u017dI: First Contact Edition (Bratislava Game Jam 2021 entery)\" width=\"1170\" height=\"658\" src=\"https:\/\/www.youtube.com\/embed\/xW3SSbFVCtM?feature=oembed\" frameborder=\"0\" allow=\"accelerometer; autoplay; clipboard-write; encrypted-media; gyroscope; picture-in-picture\" allowfullscreen><\/iframe>\n<\/div><\/figure>\n\n\n\n<figure class=\"wp-block-image size-large\"><img fetchpriority=\"high\" decoding=\"async\" width=\"1024\" height=\"576\" src=\"https:\/\/tedigames.sk\/system\/wp-content\/uploads\/2021\/11\/i4nSSy-1024x576.png\" alt=\"\" class=\"wp-image-1030\" srcset=\"https:\/\/tedigames.sk\/system\/wp-content\/uploads\/2021\/11\/i4nSSy-1024x576.png 1024w, https:\/\/tedigames.sk\/system\/wp-content\/uploads\/2021\/11\/i4nSSy-300x169.png 300w, https:\/\/tedigames.sk\/system\/wp-content\/uploads\/2021\/11\/i4nSSy-768x432.png 768w, https:\/\/tedigames.sk\/system\/wp-content\/uploads\/2021\/11\/i4nSSy-1536x864.png 1536w, https:\/\/tedigames.sk\/system\/wp-content\/uploads\/2021\/11\/i4nSSy-920x518.png 920w, https:\/\/tedigames.sk\/system\/wp-content\/uploads\/2021\/11\/i4nSSy-230x129.png 230w, https:\/\/tedigames.sk\/system\/wp-content\/uploads\/2021\/11\/i4nSSy-350x197.png 350w, https:\/\/tedigames.sk\/system\/wp-content\/uploads\/2021\/11\/i4nSSy-480x270.png 480w, https:\/\/tedigames.sk\/system\/wp-content\/uploads\/2021\/11\/i4nSSy.png 1920w\" sizes=\"(max-width: 1024px) 100vw, 1024px\" \/><\/figure>\n\n\n\n<figure class=\"wp-block-image size-large\"><img decoding=\"async\" width=\"1024\" height=\"576\" src=\"https:\/\/tedigames.sk\/system\/wp-content\/uploads\/2021\/11\/6jnljB-1024x576.png\" alt=\"\" class=\"wp-image-1029\" srcset=\"https:\/\/tedigames.sk\/system\/wp-content\/uploads\/2021\/11\/6jnljB-1024x576.png 1024w, https:\/\/tedigames.sk\/system\/wp-content\/uploads\/2021\/11\/6jnljB-300x169.png 300w, https:\/\/tedigames.sk\/system\/wp-content\/uploads\/2021\/11\/6jnljB-768x432.png 768w, https:\/\/tedigames.sk\/system\/wp-content\/uploads\/2021\/11\/6jnljB-1536x864.png 1536w, https:\/\/tedigames.sk\/system\/wp-content\/uploads\/2021\/11\/6jnljB-920x518.png 920w, https:\/\/tedigames.sk\/system\/wp-content\/uploads\/2021\/11\/6jnljB-230x129.png 230w, https:\/\/tedigames.sk\/system\/wp-content\/uploads\/2021\/11\/6jnljB-350x197.png 350w, https:\/\/tedigames.sk\/system\/wp-content\/uploads\/2021\/11\/6jnljB-480x270.png 480w, https:\/\/tedigames.sk\/system\/wp-content\/uploads\/2021\/11\/6jnljB.png 1920w\" sizes=\"(max-width: 1024px) 100vw, 1024px\" \/><\/figure>\n\n\n\n<figure class=\"wp-block-image size-large\"><img loading=\"lazy\" decoding=\"async\" width=\"1024\" height=\"576\" src=\"https:\/\/tedigames.sk\/system\/wp-content\/uploads\/2021\/11\/C9069s-1-1024x576.png\" alt=\"\" class=\"wp-image-1028\" srcset=\"https:\/\/tedigames.sk\/system\/wp-content\/uploads\/2021\/11\/C9069s-1-1024x576.png 1024w, https:\/\/tedigames.sk\/system\/wp-content\/uploads\/2021\/11\/C9069s-1-300x169.png 300w, https:\/\/tedigames.sk\/system\/wp-content\/uploads\/2021\/11\/C9069s-1-768x432.png 768w, https:\/\/tedigames.sk\/system\/wp-content\/uploads\/2021\/11\/C9069s-1-1536x864.png 1536w, https:\/\/tedigames.sk\/system\/wp-content\/uploads\/2021\/11\/C9069s-1-920x518.png 920w, https:\/\/tedigames.sk\/system\/wp-content\/uploads\/2021\/11\/C9069s-1-230x129.png 230w, https:\/\/tedigames.sk\/system\/wp-content\/uploads\/2021\/11\/C9069s-1-350x197.png 350w, https:\/\/tedigames.sk\/system\/wp-content\/uploads\/2021\/11\/C9069s-1-480x270.png 480w, https:\/\/tedigames.sk\/system\/wp-content\/uploads\/2021\/11\/C9069s-1.png 1920w\" sizes=\"(max-width: 1024px) 100vw, 1024px\" \/><\/figure>\n","protected":false},"excerpt":{"rendered":"<p>Hra vytvoren\u00e1 na Bratislava Game Jam 2020, ktor\u00fd sa konal online v [&hellip;]<\/p>\n","protected":false},"author":1,"featured_media":0,"parent":0,"menu_order":0,"comment_status":"closed","ping_status":"closed","template":"page-templates\/page_fullwidth.php","meta":{"footnotes":""},"categories":[],"tags":[],"class_list":["post-1025","page","type-page","status-publish","hentry"],"_links":{"self":[{"href":"https:\/\/tedigames.sk\/system\/wp-json\/wp\/v2\/pages\/1025","targetHints":{"allow":["GET"]}}],"collection":[{"href":"https:\/\/tedigames.sk\/system\/wp-json\/wp\/v2\/pages"}],"about":[{"href":"https:\/\/tedigames.sk\/system\/wp-json\/wp\/v2\/types\/page"}],"author":[{"embeddable":true,"href":"https:\/\/tedigames.sk\/system\/wp-json\/wp\/v2\/users\/1"}],"replies":[{"embeddable":true,"href":"https:\/\/tedigames.sk\/system\/wp-json\/wp\/v2\/comments?post=1025"}],"version-history":[{"count":0,"href":"https:\/\/tedigames.sk\/system\/wp-json\/wp\/v2\/pages\/1025\/revisions"}],"wp:attachment":[{"href":"https:\/\/tedigames.sk\/system\/wp-json\/wp\/v2\/media?parent=1025"}],"wp:term":[{"taxonomy":"category","embeddable":true,"href":"https:\/\/tedigames.sk\/system\/wp-json\/wp\/v2\/categories?post=1025"},{"taxonomy":"post_tag","embeddable":true,"href":"https:\/\/tedigames.sk\/system\/wp-json\/wp\/v2\/tags?post=1025"}],"curies":[{"name":"wp","href":"https:\/\/api.w.org\/{rel}","templated":true}]}}